hest common divisor of 955590 and 30210?
1590
What is the highest common divisor of 4964655 and 27120?
1695
What is the greatest common divisor of 9256 and 3561424?
712
What is the highest common factor of 18098430 and 630?
210
What is the greatest common factor of 293168710 and 110?
10
What is the highest common divisor of 781 and 275267?
71
What is the greatest common factor of 3478556 and 28881?
3209
Calculate the highest common factor of 57 and 65772471.
57
What is the highest common divisor of 747 and 47575932?
249
Calculate the highest common factor of 17 and 24484131.
17
Calculate the greatest common divisor of 6763742 and 1314.
146
What is the highest common divisor of 69232852 and 189891?
7033
What is the highest common divisor of 20336426 and 374?
22
What is the highest common divisor of 3056348 and 2331?
37
What is the highest common divisor of 4 and 953807?
1
Calculate the greatest common divisor of 491535 and 674190.
1485
Calculate the highest common factor of 144586 and 234.
26
Calculate the greatest common factor of 18903357 and 2189.
11
Calculate the greatest common factor of 28195497 and 495.
99
Calculate the greatest common divisor of 535990 and 674436.
434
What is the highest common divisor of 247004750 and 107578?
5662
What is the greatest common factor of 164961 and 75?
3
What is the highest common factor of 1551 and 2303752?
517
Calculate the greatest common factor of 98385136 and 4304.
4304
Calculate the greatest common divisor of 1955 and 1078585.
115
Calculate the greatest common factor of 64 and 43759168.
64
What is the highest common factor of 67781710 and 2290?
2290
Calculate the highest common divisor of 290202 and 18744.
66
Calculate the highest common divisor of 4920 and 32666955.
615
Calculate the greatest common factor of 11830000 and 156.
52
What is the greatest common factor of 97 and 18811695?
97
What is the highest common factor of 764430 and 8?
2
Calculate the highest common divisor of 184240 and 44240.
560
What is the greatest common divisor of 4673966 and 22?
22
Calculate the highest common divisor of 22126 and 3369109.
851
Calculate the greatest common divisor of 7 and 26055974.
7
What is the greatest common divisor of 12555 and 952410?
15
Calculate the greatest common factor of 3435408 and 360.
72
Calculate the highest common divisor of 20 and 61505060.
20
Calculate the greatest common factor of 176352628 and 612.
68
Calculate the greatest common factor of 413855 and 4849.
13
What is the greatest common factor of 5019370 and 12091?
107
What is the highest common divisor of 673109931 and 507?
507
Calculate the highest common factor of 8 and 53268872.
8
Calculate the greatest common divisor of 49775890 and 870.
290
What is the greatest common factor of 80860318 and 45584?
5698
What is the highest common divisor of 344151 and 576?
9
What is the greatest common divisor of 44272495 and 155?
155
Calculate the greatest common divisor of 118 and 100571518.
118
Calculate the highest common factor of 2165125 and 1875.
125
What is the highest common divisor of 3101552 and 480?
16
What is the greatest common divisor of 6386064 and 48?
48
What is the highest common factor of 29702152 and 32?
8
What is the greatest common factor of 5740 and 12121445?
1435
Calculate the highest common factor of 743962386 and 20730.
4146
What is the greatest common divisor of 366 and 394544218?
122
What is the greatest common factor of 418600 and 28?
28
Calculate the greatest common divisor of 5268120 and 30030.
4290
What is the greatest common divisor of 98435574 and 162?
162
Calculate the greatest common factor of 376 and 3806342.
94
Calculate the highest common divisor of 24305604 and 72.
12
What is the greatest common factor of 32637394 and 574?
82
What is the highest common divisor of 3829272 and 216?
24
What is the greatest common factor of 54749775 and 136?
17
What is the greatest common divisor of 1281 and 1510137?
3
What is the highest common factor of 500365 and 208161?
229
What is the greatest common factor of 282107676 and 732?
732
What is the highest common factor of 644930 and 2636348?
3146
What is the greatest common divisor of 10177636 and 1442?
1442
What is the greatest common divisor of 117925698 and 33?
33
Calculate the greatest common factor of 4281 and 910316121.
4281
What is the highest common divisor of 85 and 523684065?
85
Calculate the highest common divisor of 280 and 15742895.
35
What is the greatest common factor of 2689092 and 10024?
28
What is the highest common factor of 2238178 and 29190?
278
What is the highest common divisor of 2330523 and 1287?
117
What is the greatest common divisor of 3106 and 2279636276?
3106
Calculate the greatest common divisor of 7 and 234635800.
7
What is the highest common factor of 234569 and 15494?
127
Calculate the highest common factor of 787444 and 140.
28
Calculate the greatest common divisor of 26023852 and 5317.
409
Calculate the highest common divisor of 4 and 7964976.
4
Calculate the greatest common factor of 158 and 446373542.
158
What is the greatest common divisor of 310598462 and 776?
194
Calculate the greatest common factor of 6397495 and 6760.
845
What is the greatest common divisor of 2905352 and 1576?
8
Calculate the greatest common factor of 8373079 and 78.
13
What is the greatest common divisor of 10714 and 2488046?
22
What is the highest common divisor of 378 and 1438345377?
189
Calculate the greatest common factor of 113 and 896297920.
113
What is the highest common factor of 82208 and 17612?
28
What is the greatest common factor of 5760 and 40952160?
1440
Calculate the greatest common factor of 485 and 100642835.
485
What is the greatest common factor of 42339 and 25487?
11
What is the highest common divisor of 8930 and 3040430?
470
What is the highest common divisor of 33930 and 5781555?
585
Calculate the greatest common factor of 125195 and 95849.
73
What is the highest common divisor of 5684 and 28741146?
2842
What is the highest common divisor of 6431854 and 19866?
946
What is the greatest common divisor of 5366180 and 3195?
355
Calculate the greatest common divisor of 119614 and 117634.
22
Calculate the greatest common divisor of 4309 and 289571.
31
What is the greatest common factor of 309058873 and 201?
67
Calculate the highest common factor of 6814 and 67094.
2
What is the greatest common factor of 45946902 and 399?
57
Calculate the greatest common factor of 39528788 and 2236.
52
What is the highest common divisor of 962555 and 12387859?
4477
Calculate the highest common divisor of 4528 and 1175299.
283
What is the greatest common factor of 6240179 and 957?
11
What is the greatest common factor of 165 and 432945?
15
Calculate the greatest common divisor of 818844 and 499148.
1508
Calculate the greatest common divisor of 60544 and 254732.
172
What is the highest common factor of 79572 and 9444?
12
Calculate the highest common factor of 67669368 and 642.
642
What is the highest common divisor of 74218 and 226106?
1726
What is the greatest common factor of 54029264 and 136?
136
What is the highest common factor of 5035 and 3323860?
95
What is the greatest common factor of 1074656 and 55341?
473
What is the highest common divisor of 6118 and 59078068?
266
What is the greatest common factor of 12 and 88941564?
12
Calculate the greatest common divisor of 6040 and 166357304.
1208
Calculate the greatest common factor of 32 and 7591984.
16
What is the highest common divisor of 4936 and 1164254320?
4936
Calculate the highest common divisor of 2177552 and 18850.
754
What is the highest common divisor of 1005944 and 56?
8
What is the greatest common divisor of 459 and 570087?
9
Calculate the highest common factor of 54 and 516067578.
54
What is the highest common divisor of 110330 and 894322?
1298
Calculate the highest common factor of 27084 and 558516.
732
Calculate the highest common factor of 73337130 and 210.
30
Calculate the highest common divisor of 926 and 73790162.
926
What is the greatest common factor of 153971 and 19287304?
1949
Calculate the greatest common divisor of 67418746 and 267.
89
What is the highest common factor of 6517931 and 476672?
931
What is the greatest common divisor of 2877527 and 1458725?
3071
Calculate the greatest commo